Suppose 2*c - 5*i = -4, -c - 2*i = -7*i - 8. List the prime factors of z(c).
2
Let k(w) = -8*w - 4. Let a be k(-1). Suppose 2*u + 3*u + 4*s = 27, -s = a*u - 15. What are the prime factors of u?
3
Let p = -790 + 4179. List the prime factors of p.
3389
Suppose 7*l - 9210 - 20043 = 0. List the prime factors of l.
3, 7, 199
Let w(o) = 3 + 2*o**2 + 2*o - 5*o**2 + 4*o**2 - 20. What are the prime factors of w(-7)?
2, 3
Let i(y) = -y - 1. Let h(m) = 6*m - 7. Let n(t) = h(t) + 5*i(t). Let p be n(15). Suppose 4*f = p*f + 10. List the prime factors of f.
2, 5
Suppose -4*s + 2*s + 1428 = u, 2*u = 2*s + 2886. What are the prime factors of u?
2, 719
Suppose 2*p = -3*y + 82, y = 3*p + 6*y - 124. Suppose x + 7*g = 8*g + p, -3*g - 198 = -5*x. What are the prime factors of x?
2, 3, 7
Let g(z) = -z**3 + 4*z**2 + 2*z - 1. Let r be g(4). Suppose -455 = -0*h - r*h. What are the prime factors of h?
5, 13
Suppose -9*h + 6*h - 54 = 0. List the prime factors of (27/45 - h/(-5)) + 94.
7, 13
Let i(r) = -184*r - 6. What are the prime factors of i(-4)?
2, 5, 73
Let m be 6/(-8)*8/(-3). Let u be 6/((-2)/((-4)/m)). Let v(f) = 2*f**2 - 5*f + 10. What are the prime factors of v(u)?
2, 13
Let o(r) = r**3 + 5*r**2 - 2*r - 7. Let c be o(-5). Suppose c = b, 2*t = 2*b + b - 7. What are the prime factors of (2 - 1)*22 - t?
3, 7
Let o(d) = 3*d. Let t be o(0). Let q(n) = -2*n + 14. What are the prime factors of q(t)?
2, 7
Suppose -525 = -4*u - 3*h, -u + 200 = -5*h + 40. Let p = u + -51. List the prime factors of p.
2, 3, 7
Suppose 0 = -10*c + 10267 + 5523. List the prime factors of c.
1579
Suppose 3*g - 2 = -4*u - 1, -16 = -2*g + 5*u. Suppose 4*i - 52 = g*h, 5*h + 23 = 3*i - 16. Let p = i - -2. List the prime factors of p.
3, 5
Suppose 32 = -h + 5*h. Suppose -2*g = h, -4*o = -3*o - 2*g - 38. Suppose 9*x = 4*x + o. What are the prime factors of x?
2, 3
Let b = 12 - 7. Suppose -b*x + 4*x = -7. List the prime factors of -3 + 0 - (x - 40).
2, 3, 5
Suppose x + 166 = 4*g + 4*x, -2*x + 4 = 0. What are the prime factors of g?
2, 5
Suppose 0 = 15*s - 19*s - 28. Suppose -53 = -2*u + 5*c + 46, u = -c + 39. Let j = u - s. List the prime factors of j.
7
Let v = 6 + -6. Suppose v = -x - 4, -3*n - x + 172 = x. What are the prime factors of n?
2, 3, 5
Let l = 512 - -50. List the prime factors of l.
2, 281
Let n be ((-76)/(-20) + 3/(-1))*380. Let h = -181 + n. What are the prime factors of h?
3, 41
Let n(d) = 54*d**3 - d**2 - 4*d - 1. What are the prime factors of n(2)?
419
Let o be 0 + -1 + 2 + 2. Suppose 4*c + o*f - 275 = 0, 3*f - 109 = -c - 38. What are the prime factors of c?
2, 17
Let g = -87 + 685. What are the prime factors of g?
2, 13, 23
Let v be (36/30)/(9/(-30)). List the prime factors of v/2 + 184/8.
3, 7
Suppose 924 = 6*q - 420. What are the prime factors of q?
2, 7
List the prime factors of 86/(-129) - (-9402)/9.
2, 3, 29
Let d = -1284 - -1341. What are the prime factors of d?
3, 19
Suppose -13*f = -12*f - 13. Let b(y) = y**2 - 16. What are the prime factors of b(f)?
3, 17
Let w be 4*6/8 - -20. Suppose 4*k - 132 + w = -v, v - 104 = k. List the prime factors of v.
3, 5, 7
Suppose -2*c + 385 - 53 = 0. Suppose -5*j - 7*v + 3*v + 359 = 0, -4*v - c = -2*j. Suppose 0 = -b + p + 17, -p + 4*p - j = -4*b. What are the prime factors of b?
2, 3
Let l(r) = -r**3 - 16*r**2 + 35*r + 6. What are the prime factors of l(-19)?
2, 53
Let n(p) be the first derivative of -2*p**4 + 4*p**2 + 5*p - 50. List the prime factors of n(-3).
197
Suppose 5*l - 2*r + 6 = 0, -6 = -l - 2*r - 0. Suppose 5*h - 614 = -4*c, c + 3*h - 244 + 94 = l. What are the prime factors of c?
2, 3, 13
Let i(f) = -2*f**2 - 50*f + 48. Let h(k) = k**2 + 20*k - 19. Let a(s) = 12*h(s) + 5*i(s). Let g be a(9). Suppose 7*b + 0*b = g. List the prime factors of b.
2, 3
Let s(c) = -20*c + 1. Let q be s(-2). Let h = -7 + q. List the prime factors of h.
2, 17
Let d(u) = -u**2 - 19*u + 645. What are the prime factors of d(0)?
3, 5, 43
Let r(x) be the third derivative of -x**6/120 + x**5/6 - 5*x**4/12 - 11*x**3/6 - 8*x**2. What are the prime factors of r(8)?
37
Suppose -6*g = -7*g - 2*c + 2138, 10690 = 5*g + c. List the prime factors of g.
2, 1069
Let q be (-4)/(-8) - (-1 + (-388)/(-8)). Let t = q + 213. List the prime factors of t.
2, 83
Suppose 0 = -0*k + 3*k. Suppose -4*a + 1 - 13 = k. List the prime factors of (-3)/a - 1 - -6.
2, 3
Let g(s) = s + 2. Suppose 3*l = -0*l + 6. Let d be g(l). Suppose d*b = c + 3, -2*c + 3*c + 3*b = 25. List the prime factors of c.
13
Suppose 0 = -2*z - 14 + 8. Let k be (-2)/z*1995/14. Let d = 145 - k. What are the prime factors of d?
2, 5
Suppose -x = 3*i + 1, 0*i - 2*i - 3*x - 3 = 0. List the prime factors of (-1 - i)/((-2)/158).
79
Suppose 0 = 5*t - t - 3084. What are the prime factors of t?
3, 257
List the prime factors of (-2 - (-1695)/6) + 6/12.
281
Let h(t) = -10*t + 3. Let d be h(0). Let j(l) = 6*l**3 + l**2 + 5*l - 4. List the prime factors of j(d).
2, 7, 13
Suppose d = -w + 4, 3*d - 17 = -4*w - 5. Suppose w = 2*t + 5*x - 110 - 415, 0 = -2*t + 4*x + 552. What are the prime factors of t?
2, 3, 5
Let g = 1850 + 129. What are the prime factors of g?
1979
Suppose -3*p + 21 = -6*p. Let m = 12 + p. Suppose -w - 104 = -m*w. What are the prime factors of w?
2, 13
Let s = 4 - 1. Suppose s*n - 8*n = 50. Let v(f) = -f**2 - 11*f - 7. List the prime factors of v(n).
3
Suppose 0 = -3*d + 2*d + 49. Let f = -29 + d. Let y = f - -31. List the prime factors of y.
3, 17
Suppose 5*p - 4*c = -0*c + 130, -3*p + c = -85. Suppose -7*a = p + 180. What are the prime factors of ((-16)/3)/(20/a)?
2
Suppose -93 = -c + 4*c. Suppose -2*j - 51 = 3*l, -4*l + j = -3*l + 17. Let p = l - c. List the prime factors of p.
2, 7
Suppose -1 = a - 4. Let o be 6 + (a - 5) + 114. Suppose 2*y - 191 = -y + 4*q, o = 2*y - 5*q. List the prime factors of y.
3, 23
Let j(g) = g**3 - 13*g**2 - 14*g - 11. Let w be j(14). Suppose 0*s - 156 = 4*s. Let o = w - s. List the prime factors of o.
2, 7
Let z = 60 + 460. Suppose -5*o + 565 = 4*d, z = 5*o - 0*o - 5*d. What are the prime factors of o?
109
Let n be 20*(-1)/((-5)/(-2)). Let q(x) = -x**2 - 9*x - 6. Let z be q(n). Suppose 10 = -z*h, -3*f - h = -0*f - 43. List the prime factors of f.
2
Let y be 270/(-70) + (-2)/14. Let m be (-2 - 5/(-2))*y. What are the prime factors of 39/m*(1 + -3)?
3, 13
Let t(v) be the second derivative of v**4/12 - 7*v**3/6 + 4*v**2 - 2*v. Let m be 6/14 + 477/63. What are the prime factors of t(m)?
2
Suppose 0 = 4*d - 6*f + 11*f + 4, 0 = -4*d - 4*f. Let s(n) be the second derivative of 7*n**3/6 + 2*n**2 + n. What are the prime factors of s(d)?
2
Suppose 0 = t + 3*u - 390, -4*t + 1530 = -2*u - u. List the prime factors of t.
2, 3
Let r(u) = 41*u + 204. What are the prime factors of r(27)?
3, 19, 23
Let a(z) = 53*z + 22. Let o be (-6)/(-4*(-3)/(-6)). What are the prime factors of a(o)?
181
Let d(y) = -2*y**3 - 9*y**2 + 4*y - 6. What are the prime factors of d(-7)?
211
What are the prime factors of (-87)/58*7388/(-6)?
1847
Suppose -4*n = -14*n - 790. Let c = n + 117. What are the prime factors of c?
2, 19
Let n = 15 + -7. Let s = n + -4. Suppose -5*c + y + 79 = 0, y = -4*c - s*y + 69. What are the prime factors of c?
2
Let z = -32 + 35. Suppose -5*o + z*x + 0*x = -930, 4*o - 744 = -4*x. What are the prime factors of o?
2, 3, 31
Suppose -11*n = -3*n - 3616. List the prime factors of n.
2, 113
Let t(m) = 2*m**2 - 7*m - 7. Let u be t(5). Suppose 11*l - 222 = u*l. What are the prime factors of l?
2, 37
Suppose -b + 3*p = -102, b + 5*p = 84 - 14. Let v = 166 - b. List the prime factors of v.
2, 19
Suppose -4*w - 4*z = -z - 1016, 0 = -3*z + 12. Let k = 52 - -126. Let g = w - k. List the prime factors of g.
73
Let i(g) = -2 - 3 + g**2 + 2*g - 3 - 5*g. Let u be i(4). List the prime factors of (2/u)/(2/(-96)).
2, 3
Suppose -5*h + 396 = -3*t, 2*h - 2*t + 45 = 201. Let o = h - 42. List the prime factors of o.
3, 13
Suppose j - 1089 = -137. List the prime factors of j.
2, 7, 17
Let l = 51 + -49. Suppose l*r + r = 222. List the prime factors of r.
2, 37
Let g = 3 + 4. Let s(j) = 2*j**2 - 73. Let z be s(9). Suppose -4*h = -g - z. List the prime factors of h.
2, 3
Suppose 2*z = u + 435, 1095 = 5*z - 4*u - 0*u. Suppose -5*y + j + 290 = 4*j, j = 4*y - z. What are the prime factors of y?
5, 11
What are the pri